
17
Let o = 762 + -640. What is the remainder when o is divided by 16?
10
Let g be -1*3/(-6)*0. Suppose w - 6*w + 6 = -2*m, 3*m + 5*w - 16 = g. Suppose m*f = 7*f - 60. What is the remainder when 47 is divided by f?
11
What is the remainder when 1043 is divided by 2/(-7) - 820/(-28)?
28
Suppose 458*a = 456*a + 278. Calculate the remainder when a is divided by 47.
45
Suppose 0 = q + 3*g + 28, 0 = 2*q - 3*q + 4*g. Let j = 43 + q. Calculate the remainder when j is divided by 14.
13
Let p = -91 - -130. Suppose q + 6 = -4*n, -3*n - 19 + 5 = -4*q. Suppose -q*m = 3*m - 70. Calculate the remainder when p is divided by m.
11
Suppose 2*d + 1532 = -5*q - 103, 0 = -d. Let n = -215 - q. Suppose -4*o + n = 4*u, 4*u - 3*o = 127 - 8. Calculate the remainder when u is divided by 15.
14
Let d(q) = -q**3 + q + 1. Let o(n) = -4*n**3 - 7*n**2 + 16*n + 7. Let g(l) = -5*d(l) + o(l). Calculate the remainder when 27 is divided by g(5).
6
Suppose 0 = 4*c - 530 - 1270. Calculate the remainder when c is divided by 19.
13
Suppose -2*c = 2*p - 36, 5*c = 4*p - 14 - 13. Suppose 2*q + 2*q = -4*w - 4, 4*w = -3*q. What is the remainder when p is divided by w?
1
What is the remainder when 60 is divided by (315/70)/(1*(-1)/(-6))?
6
Suppose -2*m + o + 6 = 4*o, 3*m - o + 2 = 0. Let w = 14 + m. Let u(r) = 52*r**2 + 11*r + 11. Calculate the remainder when u(-1) is divided by w.
10
Suppose 4*h = 2*m - 0*m, -4*h + 10 = 3*m. Calculate the remainder when 45 is divided by m/3 + (35/15 - -5).
5
Let i = -205 - -209. What is the remainder when 137 is divided by i?
1
Suppose p + p = 158. Let f = -42 + p. Calculate the remainder when f is divided by (106/(-72) + (-8)/(-36))*-8.
7
What is the remainder when 300 is divided by 30/(-105) + (-534)/(-7)?
72
Let y(h) = h**3 + 8*h**2 + 9*h + 4. Suppose 6*x - 2*x - 12 = 0. Suppose 3 = x*t - 15. What is the remainder when y(-6) is divided by t?
4
Let r = -700 - -921. Calculate the remainder when r is divided by 74.
73
Suppose o - 20 + 11 = 0. Let k = o - -3. Calculate the remainder when 21 is divided by k.
9
Suppose -134 = -22*m + 20. Calculate the remainder when 15 is divided by m.
1
Let o = 228 - 203. What is the remainder when o is divided by 26/(-3)*3/(-2)?
12
Let q = -50 + 134. Calculate the remainder when q is divided by -2 + 9 + -8 - -23.
18
What is the remainder when ((-258)/(-4))/(27/54) is divided by 68?
61
Let x = -104 + 24. Let c = x - -92. What is the remainder when 30 is divided by c?
6
Let r = 98 - 85. Suppose -o = -r - 14. Calculate the remainder when o is divided by 10.
7
Let k(v) = 3*v + 5. Let q be k(3). Let y = -9 + q. Suppose -32 = -4*x + 2*a, -4*a = -y*x + x + 40. Calculate the remainder when x is divided by 3.
0
Suppose 21*g - 24*g = -m - 185, 4*g - 4*m = 244. What is the remainder when 182 is divided by g?
58
Suppose 9*m - 28 = 17. What is the remainder when (-40)/(-3) + (-48)/(-72) is divided by m?
4
Let l(z) = 2*z + 5. Let u be l(3). Let r(g) = g**2 - 12*g + 14. Let c be r(u). What is the remainder when 23 is divided by ((-2)/c)/((-3)/54)?
11
Let a be ((-9)/6 - -2) + (-63)/6. Calculate the remainder when 48 is divided by -34*(9/a + 2/5).
14
Let s(o) = -135*o**3 + 3*o**2 + 1. Let t(m) = 134*m**3 - 2*m**2 + m. Let w(l) = -2*s(l) - 3*t(l). Calculate the remainder when w(-1) is divided by 9.
7
Suppose 3*c - 7*c + 24 = 0. Suppose -2*g = -i - 18, -3*g - 3*i = i - 27. Let d(a) = -a**2 + 8*a + 13. What is the remainder when c is divided by d(g)?
2
Suppose 200 + 269 = 7*w. Calculate the remainder when w is divided by 10.
7
Suppose 6*m = -5*m + 66. Calculate the remainder when 22 is divided by m.
4
Suppose -n = -6 - 2. Let g be n - 9 - -1*3. Suppose q = -2*w + 6*q + 32, w + 2*q + g = 0. Calculate the remainder when w is divided by 2.
0
Let j = -1299 - -1465. Calculate the remainder when j is divided by 78.
10
Let m(t) = 10*t - 29*t + 9*t + 3. Let b be m(-5). Suppose -5*j - 13 = -b. What is the remainder when 22 is divided by j?
6
Let u(b) = 7*b + 72. Calculate the remainder when 301 is divided by u(-8).
13
Let v(j) = j**2 - 6*j + 20. Suppose 4*f + 2 - 34 = 0. What is the remainder when v(f) is divided by 19?
17
Suppose 18 + 282 = 6*d. What is the remainder when 146 is divided by d?
46
Let s(p) = -3*p**3 + 2*p**2 + 2*p + 1. Let y be s(-1). What is the remainder when 50 is divided by 4 - (1 - y)*70/15?
14
Let f be (-72)/27 + 1/(-3). Let m = 6 + f. Let i(z) = 25*z - 2. Calculate the remainder when i(m) is divided by 19.
16
Let q = -53 - -29. Let c = 37 + q. Calculate the remainder when 36 is divided by c.
10
Suppose 0 = -4*a + 6 + 14. Let z be (-9)/5*(-22750)/78. Suppose a*p + 0*p - z = 0. Calculate the remainder when p is divided by 27.
24
Let w = -260 + 275. Calculate the remainder when w is divided by 12.
3
What is the remainder when 62 is divided by 4 + 2 - (-20 - -4)?
18
Calculate the remainder when 100 is divided by 5/(28 + -3) + 357/15.
4
Calculate the remainder when 33 is divided by 959/63 - (-2)/27*-3.
3
Let r(a) = 53*a**3 + 2*a**2 - 2*a - 1. What is the remainder when r(1) is divided by 27?
25
Suppose -3*c + 351 = 267. Calculate the remainder when 473 is divided by c.
25
Let i = 7 + -2. Suppose 0*n = -i*w + n + 26, 4*w + 4*n - 16 = 0. What is the remainder when 9 is divided by w?
4
Let j = -44 - -79. Suppose 62*m - 61*m = j. What is the remainder when 66 is divided by m?
31
Let v(x) = x**3 - 3*x**2 + x - 6. Let c = -26 + 26. Suppose 5*m + 4*d - 142 = 0, 0 = -3*d - c*d + 9. Calculate the remainder when v(5) is divided by m.
23
Let j = -15 + 38. Let w(p) = -22*p - 193. Calculate the remainder when j is divided by w(-9).
3
Suppose 5*h - 12 + 2 = 0. Suppose 0 = -4*g + 4*f + 36, -6*g = -3*g - h*f - 27. Calculate the remainder when 26 is divided by g.
8
Let r(m) = 4*m**2 - 5*m + 6. Suppose 2*z = 2*o - 16, 2*z + 2 = 4*o + 4*z. Suppose 2 = -o*g + 11. What is the remainder when r(g) is divided by 10?
7
Suppose -8 = 5*b - 28. What is the remainder when ((-47)/2 + b)/(1/(-2)) is divided by 20?
19
Suppose 0*l = -5*g + 4*l + 117, 4*g + 5*l = 110. Calculate the remainder when 49 - (29/(-261))/((-1)/9) is divided by g.
23
Suppose -204 = 2*r - 4*r. Let a = 15 - 8. Let f = 42 - a. Calculate the remainder when r is divided by f.
32
Let t = 5 + 7. Let m be t/(-15)*(-5)/2. Suppose -3*c = m*c - 50. What is the remainder when 28 is divided by c?
8
Let a(b) = 3*b**2 + 3*b - 2. Let l be a(1). Suppose 2*m = 4*n - 90, -l*m + 26 = 5*n - 67. Calculate the remainder when 103 is divided by n.
19
What is the remainder when (-3)/(3 - (-90)/(-25)) + 76 is divided by 7?
4
Let r = -71 - -49. Let h = 40 + r. Suppose 2*b = g - 35, 2*g - 11*b + 16*b = 70. Calculate the remainder when g is divided by h.
17
Suppose a - 2*v - 57 = 0, -4*a + 2*a + 5*v + 118 = 0. Suppose -2*t = f - 7, -f - 5*t = -0*f + 2. Calculate the remainder when a is divided by f.
10
Suppose -2*w - 7 = -1. What is the remainder when 29 is divided by (1 - (-3 - w))*16/2?
5
Suppose 0 = -2*v - 4*b + 202, 2*b - 260 = -2*v - 56. What is the remainder when v is divided by 46?
11
Suppose 2*i + 44 = -5*t, 4*t + 2*i + 32 = -4. Suppose 2*y = -4*q + 36, -5*y - 3*q = -0*q - 76. Calculate the remainder when y*(-2)/8*t is divided by 11.
6
Suppose 2 = -3*x + 77. Suppose 4*b = r - 13, 4*b = -3*r + 2*b + x. What is the remainder when 70 is divided by r?
7
Let s = -31 + 34. Suppose 5*x = 5*a - 265, -5*a + s*x + 148 + 121 = 0. Calculate the remainder when a is divided by 14.
13
Suppose 3 = p + 8, 5*m - 3*p - 1440 = 0. Calculate the remainder when m is divided by 72.
69
Let q = 211 - 200. What is the remainder when 12 is divided by q?
1
Let q = 37 + -37. Suppose d + 31 - 134 = q. Let f = 74 - 48. Calculate the remainder when d is divided by f.
25
Calculate the remainder when 37 is divided by (-25 - -32)/((-2)/(-4)).
9
Let p be (8/6)/((-2)/(-3)). Suppose 8 - 10 = 2*t. What is the remainder when (1 + -38)*p*t is divided by 25?
24
Suppose 21 - 249 = -3*b. What is the remainder when b is divided by 27?
22
Let m = 229 + -192. What is the remainder when m is divided by 25?
12
What is the remainder when 0 + (-1964)/(-24) + (-4)/(-24) is divided by 47?
35
What is the remainder when 243 is divided by (-63)/(6 - (6 + 1))?
54
Suppose 0 = -11*o - 568 + 1514. Calculate the remainder when o is divided by 19.
10
Suppose 0 = 5*n + 1